-18). Let a(c) be the third derivative of 1/12*c**4 + c**2 + 0 - 1/6*c**3 + u*c. What is a(-1)?
-3
Let s(k) be the second derivative of -k**4/12 + 3*k**2 - 10*k. What is s(0)?
6
Suppose 0 = -0*c - 5*c - 30. Let q = 4 + c. Let w(m) = m + 1. Determine w(q).
-1
Let y(j) = j - 12 + 29 - 9. Determine y(-7).
1
Let m(b) = 6*b - 6. Let c(x) = -x + 1. Let q(d) = -5*c(d) - m(d). Suppose -3*u - 2*u = 3*k - 4, -2*k - 5*u + 1 = 0. Give q(k).
-2
Let u(f) = -f - 7. Let p(t) = -t - 8. Let x(m) = 3*p(m) - 2*u(m). Determine x(0).
-10
Let x(r) be the third derivative of r**5/60 - 5*r**4/12 - 17*r**3/6 + 5*r**2. Give x(12).
7
Suppose -3*t + p = 3, -4*p = -2 - 10. Let q(f) = -f**3 + 9. Give q(t).
9
Let w(f) = -2*f**3 + f**2 - 2*f + 1. Suppose 0 = 2*n + r, -2*n - 5*r = n + 7. Determine w(n).
-2
Suppose 0 = 4*q - q - 6. Let t(n) = n + 1. Let r(b) = 6*b + 4. Let m(g) = -r(g) + 4*t(g). Give m(q).
-4
Suppose 0 = -2*q + 5*q - 21. Let n = q - 0. Let f = n - 12. Let v(r) = -r**2 - 7*r - 6. Give v(f).
4
Let g(u) be the third derivative of u**4/8 + 2*u**2. Let p = -5 - -10. Suppose 7 = p*s - 3. What is g(s)?
6
Let o(w) = w - 4 - w + 0*w + w. Let y be o(6). Suppose -n = 5*t + 6, -3*t + 5*n = y*t. Let s(f) = f**2 - f. Determine s(t).
2
Let j(u) = -6*u + 1. Let q(p) = p**3 - 3*p**2 + 1. Let r be q(3). Let n be j(r). Let b(k) = k**3 + 6*k**2 + 6*k + 7. Give b(n).
2
Let a(n) = -n**2 + 1. Suppose -22 = 3*s - 4*u, s + 0 = -u + 2. Let b be a(s). Let q(m) = m**2 + 5*m + 4. What is q(b)?
-2
Let y be (-8 - -9)/(-1*2/6). Let m(q) = -q + 2 - 1 + 3. Calculate m(y).
7
Let t(j) = -3*j + 5. Let p(x) = 4*x - 6. Let f(w) = -4*p(w) - 5*t(w). Suppose -q = -3*q + 8. Calculate f(q).
-5
Let d(p) = 4*p - 1. Let o(l) = 8*l - 3. Let a(z) = -5*d(z) + 2*o(z). Suppose -14 = -7*u - 0. Calculate a(u).
-9
Suppose 0 = -2*r + 5 + 1. Suppose 3*k + 2*w - 28 = 5*k, r*w = 4*k + 51. Let y = k + 7. Let i(f) = -f**3 - 3*f**2 - 2*f - 2. Calculate i(y).
-2
Suppose 0 = -0*j + 3*j. Let a = 4 - j. Let x(z) be the second derivative of -z**5/20 + 5*z**4/12 - z**3/2 + z**2/2 - z. What is x(a)?
5
Suppose 5*l = 15 + 5. Suppose 0 = f - 2*u - 11, -3*f + 8*f - 5*u - 35 = 0. Let q(z) = -3 - f + z + 5. Determine q(l).
3
Let l(a) = -153 - 153 - 4*a + 310. Suppose 0*u = 5*u - 15. Determine l(u).
-8
Let j be (-4)/6 - (-32)/12. Let h(y) = 4 + 5*y + y**3 - y**2 + 0*y**j - 3. Let a(r) = -r**2 - r - 1. Let b(k) = 3*a(k) + h(k). Give b(3).
-5
Suppose -27 = 4*r - 7. Let b = 22 + -23. Let j(x) = 2*x**2 + 7*x - 6. Let h(u) = -u**2 - u. Let l(z) = b*h(z) - j(z). What is l(r)?
11
Suppose 2*c + 31 = 2*w + 7, 4*w + 4*c = 16. Let r(o) = 5*o + w - 3*o - 3*o + 2. Calculate r(5).
5
Let g(z) be the first derivative of -4*z**3/3 + z**2 + z + 1. Let x be (-10)/14 + (-2)/7. Determine g(x).
-5
Let r(q) = -q + 2. Let x be r(-2). Let v(d) = d**2 - 6*d + 5. Calculate v(x).
-3
Suppose -2*k + d = k - 27, 0 = -4*d - 12. Suppose 7*b = 9*b - k. Let s(f) = -f**3 + f**2 + 3 - 6*f + 2 + 4*f**2. What is s(b)?
-3
Let i(w) = 3*w + 5. Let f(d) = 9*d + 14. Let p(c) = 6*f(c) - 17*i(c). Determine p(2).
5
Let j(s) = -10*s**2 - s - 1. Let z(a) = 3*a - 7. Let t be z(2). Determine j(t).
-10
Let v(l) = l**3 + 7*l**2 - 8*l + 4. Let d = -13 - -5. What is v(d)?
4
Let z(y) be the first derivative of -y**3/3 + y**2 + 3*y + 2. Give z(3).
0
Let c be 2/8 - (-9)/12. Let z be 0 + c/(1/2). Let k(m) = -m**3 + 4*m**2 - 2. Give k(z).
6
Let b(m) = m. Let c(x) = 4*x - 1. Let p(d) = 5*b(d) + c(d). Give p(-1).
-10
Let w(k) be the first derivative of 0*k + 3/2*k**2 + k**3 + 2 + 1/24*k**4. Let t(r) be the second derivative of w(r). What is t(5)?
11
Let o(d) = d**2 - 3*d - 5. Suppose -c + 3*p + 26 = 3*c, p = -2. Determine o(c).
5
Let v be 2*(-3 + 2) - 0. Suppose -4*c = -0*c. Let g(b) = 0*b + 3*b + 2*b**2 + c*b - b - 2 + b**3. Calculate g(v).
-6
Let y(r) = r - 3. Let o(j) = 4*j - 11. Let a(f) = 2*o(f) - 9*y(f). Determine a(6).
-1
Let k(u) = -9*u + 1. Let j(r) = 14*r - 2. Let y(w) = -5*j(w) - 8*k(w). Let z(q) = -q**3 - 6*q**2 - q - 8. Let h be z(-6). What is y(h)?
-2
Let j(b) be the third derivative of -b**6/120 + b**5/30 + b**4/24 + 2*b**3/3 - b**2. Let p = 68 + -65. Determine j(p).
-2
Let t(s) = 2*s**3 + 2*s**2 + s + 5. Let g(i) = 5*i**3 + 5*i**2 + 2*i + 10. Let j(z) = -3*g(z) + 7*t(z). Calculate j(0).
5
Let w(y) = -y + 4. Let v = -6 + 8. Suppose -7 = -n + 4*t - 3, 4*t = -v*n - 16. Determine w(n).
8
Let d(c) = 7*c - 1. Suppose -u = 2*q + 2*q + 10, 5*q = 5*u - 50. Let a(k) = -4*k - 12. Let h(r) = r + 1. Let o(i) = -a(i) - 5*h(i). Let j be o(u). Give d(j).
6
Let a(y) be the second derivative of -y**8/6720 - y**7/504 + y**6/360 + y**5/60 + y**4/4 - 3*y. Let h(t) be the third derivative of a(t). Determine h(-5).
-8
Let z(n) = 11. Let w(i) = i. Let y(p) = -w(p) + z(p). Give y(0).
11
Let p(o) = o + o**3 - o**2 + 22 - 15 + 3. Calculate p(0).
10
Let o(k) = k**3 - k - 3. Let s(t) = -t**2 - 3*t. Let q be s(-3). What is o(q)?
-3
Let y(s) = s**3 - 7*s**2 + s - 4. Let a be 0 - ((-8)/2)/(-2). Let j be ((-49)/21)/(a/6). Calculate y(j).
3
Let m(d) = 3*d**3 - 3*d**2 + 4*d - 4. Let x(a) = 7*a**3 - 5*a**2 + 7*a - 8. Let g(t) = -5*m(t) + 2*x(t). Determine g(4).
-4
Let n(p) = p**3 - 5*p**2 + 2*p - 3. Let t be -10*(36/(-15) - -2). Give n(t).
-11
Let b(z) = 7*z**2 - 5*z + 11. Let u(x) = 5*x**2 - 3*x + 7. Let r(o) = 5*b(o) - 8*u(o). Calculate r(-1).
-5
Let a(o) = 5*o. Suppose 4*d - 2 = 2. Let q be a(d). Let c(x) = x + 4 - x + 2*x - 3*x. Give c(q).
-1
Suppose 8*r = 3*r + 20. Let w(k) = -2*k - 5*k**2 - 2 + k**3 - 1 + 3*k + 3*k. What is w(r)?
-3
Let c(g) = g**2 + 4 - 2 - 1 - g. Let k = 21 + -20. Let f(z) = -6*z**2 + 5*z - 5. Let u(l) = k*f(l) + 5*c(l). What is u(2)?
-4
Let i(s) = -2*s. Suppose -h - k - 2 + 17 = 0, 4*h - k - 65 = 0. Let q = h - 14. Calculate i(q).
-4
Suppose -11 = -5*a + 4. Suppose 0 = -4*o - j - 21, 3*o - a + 21 = -3*j. Let u(w) be the second derivative of w**4/12 + 5*w**3/6 + w**2/2 - w. Calculate u(o).
1
Let m(b) = -b + 1. Let n be m(5). Let a(v) = -4*v - 2*v + 1 + 7*v. What is a(n)?
-3
Let h(r) be the first derivative of -r**2 + 1/3*r**3 - r - 1. Let v(y) = 3*y - 4. Let d be v(2). Give h(d).
-1
Let u(v) = 6 + 1 + 5 + v. Let m be (-24)/30 - 46/5. Let l be u(m). Let i(a) = -a**3 + 2*a - 1. What is i(l)?
-5
Let m(n) = -n**2 + 17*n - 12. Let b be m(16). Let l(j) = -5 - b*j - 2 + 2*j + 0*j. Determine l(-6).
5
Let n = 15 - 15. Let a(o) = -o - 9. What is a(n)?
-9
Let t be (-3)/(-2) - (-18)/4. Let n be t*10*3/12. Suppose d - q = 2*q - n, 0 = -2*d + 2*q - 14. Let r(f) = -3*f. What is r(d)?
9
Let u be 0 + 1/2*(-1 - 1). Let t(g) = 7*g + 3. Let h(l) = -45*l - 35 - 72*l + 33*l. Let d(y) = 3*h(y) + 35*t(y). What is d(u)?
7
Let o(k) = -k - 11. Let w be o(-8). Let c(m) = 3*m**2 - m - 2*m - 313*m**3 + 314*m**3. Determine c(w).
9
Let u = -3 + -1. Let t be ((-6)/9)/(u/18). Let f(z) = 6 - 4 - z + t. Give f(0).
5
Let p = -1 + 7. Let r be -2 + 2*(-3)/p. Let q(g) = -7*g - 8. Let s(b) = b + 1. Let v(n) = q(n) + 4*s(n). Give v(r).
5
Let s(o) = -o**2 + 7*o + 2. Let q(k) = 3*k**2 - 21*k - 7. Let w(h) = 4*q(h) + 11*s(h). Calculate w(7).
-6
Let u(h) = -h**2 - 6*h - 6. Let c be u(-4). Let z(b) = 3*b**c + 6 - 5*b - 6 - 4*b**2. Suppose -v + 3*x = -6, 3*x = 2*v - 7*v - 24. Give z(v).
6
Let r(o) = o**2 + 8*o + 3. Let m be r(-7). Let l be m*1/(1 - 0). Let p(u) = u**2 + 7*u + 1. Give p(l).
-11
Let g(z) = -z**3 - 4*z**2 + 3*z - 4. Suppose -5*c - 17 = 18. Let x = -12 - c. What is g(x)?
6
Let m(w) = 0 + 1 + 7*w - 4 + 4. Let b(j) = -j - 2. Let v be b(-2). Suppose 0*x + x - 3*a = 14, -3*x + 4*a + 17 = v. Give m(x).
-6
Let r(j) be the second derivative of j**5/20 + j**4/3 + j**3/3 + 5*j**2/2 - 4*j. What is r(-4)?
-3
Let d(r) = 0 - 2 + 2*r - 3*r. What is d(0)?
-2
Suppose 1 = -v + 3. Let h be 2/6 + (-21)/9. Let l(w) = -20*w + 10. Let b(i) = -4*i + 2. Let r(c) = h*l(c) + 11*b(c). Calculate r(v).
-6
Let u(m) = m**2 - 100 + 8*m + 45 + 46 - 2*m. Determine u(-7).
-2
Let t be (-250)/(-90) + (-2)/(-9). Let k(z) = -z**3 + 4*z**2 - 3*z + 4. Calculate k(t).
4
Let b = 1 - 0. Suppose -3*n + r + 4 = 0, 7 = 4*n - 0*n - r. Let s(i) = -i**2 - 3*i**3 - 2*i**3 - 2*i + n*i. What is s(b)?
-5
Let g(k) be the third derivative of -k**7/840 - k**6/120 + k**5/120 - k**4/24 + 2*k**3/3 + 7*k**2. Let f(w) be the first derivative of g(w). Determine f(-4).
11
Let b(u) = 